2
Suppose 38 - 37 = -z. Let n be (5 - -1) + (z - 0). Suppose -n*j = -0*j - 290. List the prime factors of j.
2, 29
Let s(p) be the third derivative of -7*p**4/12 + 3*p**3/2 + 26*p**2. What are the prime factors of s(-5)?
79
Let j = 43 + -40. Suppose 0*h - 495 = -j*h. List the prime factors of h.
3, 5, 11
What are the prime factors of (1 - -44)/((-7)/(308/(-11)))?
2, 3, 5
Let r be 64/((5 + -1)*15/210). Suppose t = r - 35. What are the prime factors of t?
3, 7
Suppose -a + 6*y = 4*y + 6, -5*a + 2*y = 6. Suppose 4 = -j - a, -4*n - 5*j + 588 = 0. List the prime factors of n.
2, 19
Let v(a) = a + 0*a - 7 + 2*a. Suppose 2*c - 33 = -c. What are the prime factors of v(c)?
2, 13
List the prime factors of ((-16 - 755)*-2)/((-4)/(-10)).
3, 5, 257
Let j(n) = 7*n**2 + 31*n + 313. What are the prime factors of j(21)?
4051
Let w be 24678/33 + (4/22 - 0). Suppose -4*o - 3*m + w = 304, -5*o + 4*m + 555 = 0. What are the prime factors of o?
3, 37
What are the prime factors of (158 - 2)*(3 + 6/18)?
2, 5, 13
Let b be 56/(-2)*8/96*-3. Let s(l) = -l + 15. What are the prime factors of s(b)?
2
Suppose 5*j = -12*g + 7*g + 240, 0 = -2*j + g + 111. What are the prime factors of j?
53
Let r(t) = 88*t**2 - 27*t - 175. List the prime factors of r(-6).
5, 631
Suppose -721 = 3*v - 3592. What are the prime factors of v?
3, 11, 29
Let b(f) = -4*f - 16. Let u(t) = -t**2 - 3*t - 3. Let d be u(-5). Let m be b(d). Suppose 0 = 7*y - 97 - m. List the prime factors of y.
19
Suppose -g - 24 = -5*i, i - 6*i = -3*g - 52. Let h = 18 + g. Suppose -h*d + 15 + 69 = 0. List the prime factors of d.
3, 7
Let o(m) = -m**2 - m + 1. Let p(z) = 3*z**2 + 9*z + 3. Let b(s) = 4*o(s) + p(s). Let q = 14 - 9. What are the prime factors of b(q)?
7
Suppose 324138 = 47*z + 42*z. List the prime factors of z.
2, 3, 607
Let c(k) be the third derivative of k**4/24 + 5*k**3/2 - 2*k**2. Let p be c(-13). Suppose -b = -p*b + 5. What are the prime factors of b?
5
Suppose -11 + 35 = -8*c. Let y be 165 + c + 1 - 3. Let d = -85 + y. What are the prime factors of d?
3, 5
Suppose 0 = -3*g + 2*k + 9, 4*g = g + 5*k. Suppose 3*f = g*f. Suppose 28 = -f*c + 2*c. List the prime factors of c.
2, 7
Let b be ((-3)/(-9))/(3/9). Suppose -5*m - b = 4*x - 41, 5*m = -3*x + 35. Suppose 0 = 3*d + 6, -2*d = -m*z - 7*d + 62. List the prime factors of z.
2, 3
Let s = -807 - -2305. List the prime factors of s.
2, 7, 107
Let q(k) = -27*k**2 - 1. Let i be q(2). Let u = i + 159. What are the prime factors of u?
2, 5
Let n(o) be the third derivative of -7*o**4/24 - 10*o**3 + 16*o**2. What are the prime factors of n(-29)?
11, 13
Let n(z) = -11*z - 523. List the prime factors of n(-85).
2, 103
Let y(z) = -z**2 - z - 4. Let l be y(3). Let u(t) = -5*t**2 - t - 6. Let n be u(3). What are the prime factors of l/24*n/4?
3
Let f(l) = 14*l**2 - 70*l + 2. List the prime factors of f(7).
2, 3, 11
Let r(w) be the third derivative of w**6/120 + w**5/6 - 7*w**4/12 - 8*w**3/3 + 6*w**2. Let n = -59 + 48. List the prime factors of r(n).
17
Suppose -5*a = -4*y + 13046, 4*y - 4*a - 4009 = 9035. List the prime factors of y.
3259
Suppose 26*u - 9271 - 22475 = 0. List the prime factors of u.
3, 11, 37
List the prime factors of -5 - ((-38)/(-5))/(8/(-720)).
7, 97
Suppose -z - 6 = -214. Suppose 0 = -6*l + z + 950. List the prime factors of l.
193
Suppose 11*i - 13*i = 28. Let s = 14 + i. Suppose -2*q + 54 - 2 = s. What are the prime factors of q?
2, 13
Let k(c) = c - 1. Let d be k(4). Let j be 2/d*(-1599)/(-26). Suppose -6*z = -5*z - j. List the prime factors of z.
41
Suppose -3*w - 10 = -5*v + 2*w, -w - 6 = v. Let f(n) = 10 - 3*n - 2 - 5*n. List the prime factors of f(v).
2, 3
Suppose -12*j = -7*j + 10. Let m(h) = -15*h**3 - 4*h + 1. What are the prime factors of m(j)?
3, 43
Suppose m = -m. Suppose 5*s + 4*a + 2 = m, 5*a = s - 5 - 12. Suppose -6*k + s*k = -140. What are the prime factors of k?
5, 7
Let t = -79 - -269. What are the prime factors of t?
2, 5, 19
Let u(n) = 68*n - 99. What are the prime factors of u(12)?
3, 239
Let p = 21 + -34. Let o be 4/(-3) - 70/(-3). Let d = o - p. List the prime factors of d.
5, 7
Let n(d) = -d**2 + 3*d + 4. Let t be n(-7). Let q(g) = 113*g - 8. Let b be q(-1). Let s = t - b. List the prime factors of s.
5, 11
Let i(u) = 3*u**3 + 9*u**2 + 9*u - 20. Let z(l) = 4*l**3 + 9*l**2 + 10*l - 20. Let p(m) = -3*i(m) + 2*z(m). What are the prime factors of p(-8)?
2, 3
Let u = -59 + 62. Suppose -r = -u*b - 4 - 0, -3*r = 5*b - 40. What are the prime factors of r?
2, 5
Suppose -31*v = -32*v - 3*f + 2367, -2*v = 3*f - 4749. List the prime factors of v.
2, 3, 397
Suppose 15*i - 13*i - 56 = 0. Let t = -23 + i. Suppose 0 = t*g - 57 - 268. List the prime factors of g.
5, 13
Let u(g) = g**3 - 3*g**2 - 8*g + 10. Let q be 6*(2 + 8/(-3)). Let l be q/(-22) - 636/(-132). What are the prime factors of u(l)?
2, 5
Let k(g) = 64*g - 225. What are the prime factors of k(13)?
607
Suppose 11*h = 3*h + 2560. Suppose h = 33*w - 28*w. List the prime factors of w.
2
Let r = 1589 + -783. List the prime factors of r.
2, 13, 31
Let b(v) = -v**3 - 44 + v**3 + v + v**2 + v**3 - 2*v. Let a be b(0). Let h = -22 - a. What are the prime factors of h?
2, 11
Suppose -d - 4*b - 37 = -4*d, 2*d - b = 23. Suppose 6 - d = -5*y. Suppose 2 = r - y. What are the prime factors of r?
3
Suppose -5*p - 80 = -9*p. Let a = 65 - p. Suppose -u - 7 = -a. List the prime factors of u.
2, 19
Let l = 306 - 35. What are the prime factors of l?
271
Suppose 2*a + 0*p = -4*p + 440, -4*p = -16. What are the prime factors of a?
2, 53
Suppose 34 = 5*r - 36. Suppose -2*u + 2*o = -r - 80, 0 = 2*o + 4. List the prime factors of u.
3, 5
Let p(u) = -12*u - 22. Let o be p(-6). Let s = o + -32. What are the prime factors of s?
2, 3
Let m = 119 + 76. What are the prime factors of m?
3, 5, 13
Let v(u) = 28*u - 20. Let n(m) = -m + 1. Let b(f) = -24*n(f) - v(f). Let z be b(8). List the prime factors of (-603)/z - 1/(-4).
17
Let w = -545 + 854. What are the prime factors of w?
3, 103
Let j(v) be the third derivative of -v**6/120 + 7*v**5/60 - 5*v**4/12 + 3*v**3 + v**2. List the prime factors of j(5).
2, 3
Let f(j) = -j**3 + 12*j**2 - j + 14. Let p be f(12). Suppose -2*m = -p - 10. Suppose 4*x = 2*x + m. List the prime factors of x.
3
Let v = 20 + -16. Suppose v*w + 238 = 2*b + 2*w, -4 = -w. What are the prime factors of b?
3, 41
Let h(r) = r - 21. Let g be h(19). List the prime factors of 95 - 5 - (6 + g).
2, 43
Suppose i + 5*b - 488 - 42 = 0, -2*b + 2765 = 5*i. List the prime factors of i.
3, 5, 37
Let y = -6 + 11. Suppose 5*n - f = 27, y*n = f + 2*f + 21. Suppose 120 + 90 = n*q. List the prime factors of q.
5, 7
Let d = 51 + 0. Let x = -33 + d. List the prime factors of x.
2, 3
Let j(t) be the first derivative of 36*t**2 + 2*t + 10. Let y be j(1). Let i = y + -36. What are the prime factors of i?
2, 19
Let w be (-189)/(-36) - 6/(-8). Suppose -3*k + 3*r = -w*k - 15, 5*k + 33 = 3*r. List the prime factors of (-306)/12*4/k.
17
Suppose 3*d = -2*x - d + 10, -18 = -2*x + 4*d. Suppose -x*h + 111 = -4*h. What are the prime factors of h?
37
Suppose h = 16*h - 555. Let i = h + 61. What are the prime factors of i?
2, 7
Let q(i) = -25*i + 3. Let l be -6*(6/(-2))/(-9). List the prime factors of q(l).
53
Let c = 101 + -68. Let r be 2/(0 + 6 - 8). List the prime factors of 1 - r - c/(-3).
13
Let y = -6 - -11. Suppose -7 = -4*q - y*h + 33, -17 = -5*q + 2*h. Suppose -11 = -4*m + 5*u + 70, -5*m + q*u + 105 = 0. What are the prime factors of m?
2, 3
What are the prime factors of (-7 - -3) + (894 - 1)?
7, 127
Suppose -2*s - 30 = -6*g + g, 4*s = 0. Suppose 8*w - 98 = g*w. What are the prime factors of w?
7
Suppose -12 = -2*q - 0*q. What are the prime factors of (-7)/(-21) - (-58)/q?
2, 5
Suppose -5*q - 5426 = -4*p, 0 = -5*p + 5*q + 6521 + 259. Suppose 13*a - p - 635 = 0. What are the prime factors of a?
3, 17
Let l(o) = o**2 + 9*o - 15. Let n be l(-12). Let v be 12/(-42) - (-6)/n. Suppose 2*s - 4*s + 8 = 0, 2*m - 3*s - 50 = v. List the prime factors of m.
31
Let j(f) = 2*f**3 - 2*f + 4. Let k be j(-4). List the prime factors of 9/6*k*(-3)/18.
29
Let b = 14 - 11. Suppose -b*t + 400 = 16. Suppose 5*d = d + t. What are the prime factors of d?
2
Let g = -333 - -973. What are the prime factors of g?
2, 5
Let j(a) be the third derivat